{"id":270,"date":"2025-06-04T10:21:07","date_gmt":"2025-06-04T11:21:07","guid":{"rendered":"https:\/\/agricultura.azores.gov.pt\/dsada\/?page_id=270"},"modified":"2025-06-23T13:09:13","modified_gmt":"2025-06-23T14:09:13","slug":"inspecao-fitossanitaria","status":"publish","type":"page","link":"https:\/\/agricultura.azores.gov.pt\/dsada\/inspecao-fitossanitaria\/","title":{"rendered":"Inspe\u00e7\u00e3o Fitossanit\u00e1ria"},"content":{"rendered":"\n<p><\/p>\n\n\n\n<div class=\"wp-block-uagb-container uagb-block-e72c8443 alignfull uagb-is-root-container\"><div class=\"uagb-container-inner-blocks-wrap\">\n<div class=\"wp-block-uagb-container uagb-block-4525cdd6\">\n<div class=\"wp-block-uagb-image uagb-block-805e95c8 wp-block-uagb-image--layout-default wp-block-uagb-image--effect-static wp-block-uagb-image--align-none\"><figure class=\"wp-block-uagb-image__figure\"><img decoding=\"async\" srcset=\"https:\/\/agricultura.azores.gov.pt\/dsada\/wp-content\/uploads\/2025\/06\/inspefito_nobg.png ,https:\/\/agricultura.azores.gov.pt\/dsada\/wp-content\/uploads\/2025\/06\/inspefito_nobg-e1750074774852.png 780w, https:\/\/agricultura.azores.gov.pt\/dsada\/wp-content\/uploads\/2025\/06\/inspefito_nobg-e1750074774852.png 360w\" sizes=\"auto, (max-width: 480px) 150px\" src=\"https:\/\/agricultura.azores.gov.pt\/dsada\/wp-content\/uploads\/2025\/06\/inspefito_nobg.png\" alt=\"\" class=\"uag-image-505\" width=\"250\" height=\"108\" title=\"inspefito_nobg\" loading=\"lazy\" role=\"img\"\/><\/figure><\/div>\n<\/div>\n\n\n\n<div class=\"wp-block-uagb-container uagb-block-31f935ca\">\n<p><strong>Miss\u00e3o<\/strong><br><br>A Inspe\u00e7\u00e3o Fitossanit\u00e1ria tem como miss\u00e3o garantir a sanidade vegetal na Regi\u00e3o Aut\u00f3noma dos A\u00e7ores, atrav\u00e9s da preven\u00e7\u00e3o, dete\u00e7\u00e3o precoce, controlo e erradica\u00e7\u00e3o de organismos prejudiciais \u00e0s plantas e produtos vegetais. Atua em conformidade com as normas da Uni\u00e3o Europeia e da Conven\u00e7\u00e3o Internacional para a Prote\u00e7\u00e3o das Plantas (CIPP).<\/p>\n<\/div>\n<\/div><\/div>\n\n\n\n<div class=\"wp-block-uagb-container uagb-block-031ac73f alignfull uagb-is-root-container\"><div class=\"uagb-container-inner-blocks-wrap\">\n<div class=\"wp-block-uagb-container uagb-block-10d402de\">\n<p><strong>Principais \u00c1reas de Atua\u00e7\u00e3o<\/strong><br><\/p>\n\n\n\n<details class=\"wp-block-details is-layout-flow wp-block-details-is-layout-flow\"><summary>Controlo de Fronteiras (PIFs e POEs)<\/summary>\n<p>Verifica\u00e7\u00e3o fitossanit\u00e1ria de vegetais, produtos vegetais e outros artigos regulamentados \u00e0 entrada e sa\u00edda da Regi\u00e3o.<\/p>\n<\/details>\n\n\n\n<details class=\"wp-block-details is-layout-flow wp-block-details-is-layout-flow\"><summary>Inspe\u00e7\u00f5es regulares em explora\u00e7\u00f5es agr\u00edcolas<\/summary>\n<p>Monitoriza\u00e7\u00e3o de culturas para dete\u00e7\u00e3o de pragas de quarentena e pragas regulamentadas n\u00e3o de quarentena.<\/p>\n<\/details>\n\n\n\n<details class=\"wp-block-details is-layout-flow wp-block-details-is-layout-flow\"><summary>Emiss\u00e3o de Certificados Fitossanit\u00e1rios<\/summary>\n<p>Documenta\u00e7\u00e3o obrigat\u00f3ria para exporta\u00e7\u00e3o de vegetais e produtos vegetais.<\/p>\n<\/details>\n\n\n\n<details class=\"wp-block-details is-layout-flow wp-block-details-is-layout-flow\"><summary>Gest\u00e3o de notifica\u00e7\u00f5es de interce\u00e7\u00e3o e n\u00e3o conformidades<\/summary>\n<p>Tratamento e resposta a alertas fitossanit\u00e1rios recebidos de outros Estados-Membros e de pa\u00edses terceiros.<\/p>\n<\/details>\n\n\n\n<details class=\"wp-block-details is-layout-flow wp-block-details-is-layout-flow\"><summary>Aplica\u00e7\u00e3o de medidas fitossanit\u00e1rias<\/summary>\n<p>Incluindo destrui\u00e7\u00e3o, quarentena, tratamentos ou restri\u00e7\u00e3o de movimentos de vegetais contaminados.<\/p>\n<\/details>\n<\/div>\n\n\n\n<div class=\"wp-block-uagb-container uagb-layout-flex uagb-block-942e46d6\">\n<p><strong>Organismos de Quarentena em Vigil\u00e2ncia<\/strong><br><br>A Inspe\u00e7\u00e3o Fitossanit\u00e1ria assegura a vigil\u00e2ncia oficial de v\u00e1rias pragas de import\u00e2ncia econ\u00f3mica e ambiental, entre as quais:<br>\u2022Xylella fastidiosa<br>\u2022Trioza erytreae (psila-africana dos citrinos)<br>\u2022Bactrocera dorsalis (mosca oriental da fruta)<br>\u2022Tuta absoluta (tra\u00e7a-do-tomateiro)<br>\u2022Anastrepha spp.<br>\u2022Nem\u00e1todes de quarentena (ex.: Bursaphelenchus xylophilus)<\/p>\n<\/div>\n<\/div><\/div>\n\n\n\n<div class=\"wp-block-uagb-container uagb-block-ae1419eb alignfull uagb-is-root-container\"><div class=\"uagb-container-inner-blocks-wrap\">\n<div class=\"wp-block-uagb-container uagb-block-2ea2ad0d\">\n<p><strong>Formul\u00e1rios e Procedimentos<\/strong><br><br>\u2022Requisi\u00e7\u00e3o de inspe\u00e7\u00e3o fitossanit\u00e1ria para exporta\u00e7\u00e3o<br>\u2022Pedido de certificado fitossanit\u00e1rio<br>\u2022Comunica\u00e7\u00e3o de dete\u00e7\u00e3o suspeita de praga<br>\u2022Guia para acondicionamento de amostras<\/p>\n<\/div>\n\n\n\n<div class=\"wp-block-uagb-container uagb-block-63c56dca\"><\/div>\n\n\n\n<div class=\"wp-block-uagb-container uagb-block-3e88553f\">\n<p><strong>Alertas Fitossanit\u00e1rios<\/strong><br><br>S\u00e3o publicados avisos t\u00e9cnicos sempre que se verifique:<br>\u2022A introdu\u00e7\u00e3o de uma nova praga na Regi\u00e3o<br>\u2022A necessidade de refor\u00e7o de medidas em zonas tamp\u00e3o<br>\u2022Altera\u00e7\u00f5es legais relevantes em mat\u00e9ria fitossanit\u00e1ria<\/p>\n<\/div>\n\n\n\n<div class=\"wp-block-uagb-container uagb-block-59814e9a\">\n<p><strong>Legisla\u00e7\u00e3o de Refer\u00eancia<\/strong><br><br>\u2022Regulamento (UE) 2016\/2031 \u2013 Sa\u00fade Vegetal<br>\u2022Decreto-Lei n.\u00ba 154\/2005 \u2013 Aplica\u00e7\u00e3o nacional de medidas fitossanit\u00e1rias<br>\u2022Regulamento de Execu\u00e7\u00e3o (UE) 2019\/2072 \u2013 Regras de quarentena e pragas regulamentadas<\/p>\n<\/div>\n<\/div><\/div>\n","protected":false},"excerpt":{"rendered":"<p>Miss\u00e3o A Inspe\u00e7\u00e3o Fitossanit\u00e1ria tem como miss\u00e3o garantir a sanidade vegetal na Regi\u00e3o Aut\u00f3noma dos A\u00e7ores, atrav\u00e9s da preven\u00e7\u00e3o, dete\u00e7\u00e3o [&hellip;]<\/p>\n","protected":false},"author":3,"featured_media":0,"parent":0,"menu_order":0,"comment_status":"closed","ping_status":"closed","template":"","meta":{"_acf_changed":false,"_uag_custom_page_level_css":"","site-sidebar-layout":"default","site-content-layout":"","ast-site-content-layout":"","site-content-style":"default","site-sidebar-style":"default","ast-global-header-display":"","ast-banner-title-visibility":"","ast-main-header-display":"","ast-hfb-above-header-display":"","ast-hfb-below-header-display":"","ast-hfb-mobile-header-display":"","site-post-title":"disabled","ast-breadcrumbs-content":"","ast-featured-img":"","footer-sml-layout":"","ast-disable-related-posts":"","theme-transparent-header-meta":"","adv-header-id-meta":"","stick-header-meta":"","header-above-stick-meta":"","header-main-stick-meta":"","header-below-stick-meta":"","astra-migrate-meta-layouts":"default","ast-page-background-enabled":"default","ast-page-background-meta":{"desktop":{"background-color":"var(--ast-global-color-5)","background-image":"","background-repeat":"repeat","background-position":"center center","background-size":"auto","background-attachment":"scroll","background-type":"","background-media":"","overlay-type":"","overlay-color":"","overlay-opacity":"","overlay-gradient":""},"tablet":{"background-color":"","background-image":"","background-repeat":"repeat","background-position":"center center","background-size":"auto","background-attachment":"scroll","background-type":"","background-media":"","overlay-type":"","overlay-color":"","overlay-opacity":"","overlay-gradient":""},"mobile":{"background-color":"","background-image":"","background-repeat":"repeat","background-position":"center center","background-size":"auto","background-attachment":"scroll","background-type":"","background-media":"","overlay-type":"","overlay-color":"","overlay-opacity":"","overlay-gradient":""}},"ast-content-background-meta":{"desktop":{"background-color":"var(--ast-global-color-4)","background-image":"","background-repeat":"repeat","background-position":"center center","background-size":"auto","background-attachment":"scroll","background-type":"","background-media":"","overlay-type":"","overlay-color":"","overlay-opacity":"","overlay-gradient":""},"tablet":{"background-color":"var(--ast-global-color-4)","background-image":"","background-repeat":"repeat","background-position":"center center","background-size":"auto","background-attachment":"scroll","background-type":"","background-media":"","overlay-type":"","overlay-color":"","overlay-opacity":"","overlay-gradient":""},"mobile":{"background-color":"var(--ast-global-color-4)","background-image":"","background-repeat":"repeat","background-position":"center center","background-size":"auto","background-attachment":"scroll","background-type":"","background-media":"","overlay-type":"","overlay-color":"","overlay-opacity":"","overlay-gradient":""}},"footnotes":""},"class_list":["post-270","page","type-page","status-publish","hentry"],"acf":[],"uagb_featured_image_src":{"full":false,"thumbnail":false,"medium":false,"medium_large":false,"large":false,"1536x1536":false,"2048x2048":false},"uagb_author_info":{"display_name":"Agri","author_link":"https:\/\/agricultura.azores.gov.pt\/dsada\/author\/user_dsada\/"},"uagb_comment_info":0,"uagb_excerpt":"Miss\u00e3o A Inspe\u00e7\u00e3o Fitossanit\u00e1ria tem como miss\u00e3o garantir a sanidade vegetal na Regi\u00e3o Aut\u00f3noma dos A\u00e7ores, atrav\u00e9s da preven\u00e7\u00e3o, dete\u00e7\u00e3o [&hellip;]","_links":{"self":[{"href":"https:\/\/agricultura.azores.gov.pt\/dsada\/wp-json\/wp\/v2\/pages\/270","targetHints":{"allow":["GET"]}}],"collection":[{"href":"https:\/\/agricultura.azores.gov.pt\/dsada\/wp-json\/wp\/v2\/pages"}],"about":[{"href":"https:\/\/agricultura.azores.gov.pt\/dsada\/wp-json\/wp\/v2\/types\/page"}],"author":[{"embeddable":true,"href":"https:\/\/agricultura.azores.gov.pt\/dsada\/wp-json\/wp\/v2\/users\/3"}],"replies":[{"embeddable":true,"href":"https:\/\/agricultura.azores.gov.pt\/dsada\/wp-json\/wp\/v2\/comments?post=270"}],"version-history":[{"count":23,"href":"https:\/\/agricultura.azores.gov.pt\/dsada\/wp-json\/wp\/v2\/pages\/270\/revisions"}],"predecessor-version":[{"id":910,"href":"https:\/\/agricultura.azores.gov.pt\/dsada\/wp-json\/wp\/v2\/pages\/270\/revisions\/910"}],"wp:attachment":[{"href":"https:\/\/agricultura.azores.gov.pt\/dsada\/wp-json\/wp\/v2\/media?parent=270"}],"curies":[{"name":"wp","href":"https:\/\/api.w.org\/{rel}","templated":true}]}}